vided by 1?
0
Suppose 88 - 408 = -2*c. What is the remainder when c is divided by 27?
25
Let x(c) = c**3 - 2*c**2 + c - 1. Let n be x(2). Suppose -q + 8 = n. Let t(s) = -s**3 + 5*s**2 - 2*s + 1. Calculate the remainder when t(3) is divided by q.
6
Let a = 957 - 878. Calculate the remainder when a is divided by 21.
16
Suppose 14*z - 245 = 7*z. What is the remainder when ((-244)/(-8))/(z/30 - 1) is divided by 46?
45
Let s(t) = -t**3 - 13*t**2 + 6. Let i be s(-13). Suppose i*w - 315 = -w. What is the remainder when w is divided by 24?
21
Suppose -4*p + z = -1050, -4*p + 3*z + 454 = -592. Calculate the remainder when p is divided by 24.
23
Suppose -106*p + 101*p + 845 = 0. Calculate the remainder when p is divided by 40.
9
Suppose b = -4*b + 1720. Suppose -4*v = -4*t - 2*v + b, -3*v = -4*t + 342. What is the remainder when t is divided by 23?
18
Suppose -62 - 40 = -5*v + 4*b, -5*b - 15 = 0. Let l(x) = 51*x**2 + 1. Let j = 20 - 21. Calculate the remainder when l(j) is divided by v.
16
Let z = -26 + 33. Suppose 0*f = -2*v + 4*f + 2, 0 = 2*f. Let j = v + 25. Calculate the remainder when j is divided by z.
5
Suppose 4*r = 3*q + r + 48, 4*r = 2*q + 42. Let h(i) = -9*i + 15. Let x be h(q). Let l = x + 5. Calculate the remainder when l is divided by 40.
39
Let y(a) = a**2 - a - 2. Let x be y(-1). Let t(d) = 2*d - 55. Let w be t(x). What is the remainder when 10 is divided by w/(-15) + (-4)/6?
1
Let k = 3 - -2. Suppose -1 = k*b - 116. What is the remainder when b is divided by 13?
10
Suppose -362 = -4*x - 74. Let j = 123 - x. Let n = -466 + 477. Calculate the remainder when j is divided by n.
7
Suppose 4*d - 3*v = 39, v + 2 = 1. Calculate the remainder when 48 is divided by d.
3
Let z be (12/(-8))/((-3)/180). Suppose 9 = -3*p - z. Let k = p - -34. What is the remainder when 1 is divided by k?
0
Suppose -4*t + 245 + 183 = 0. Let l = 20 - -7. What is the remainder when t is divided by l?
26
Let m = -16 + 28. Calculate the remainder when 1221/27 + (-2)/9 is divided by m.
9
Let n be 3*(-4)/((-48)/20). Let i(w) = -w**2 - 3*w + 2. Let x be i(n). Calculate the remainder when 37 is divided by (-6 + 4)*x/4.
18
Suppose 0 = 7*j + 18 - 179. What is the remainder when j is divided by 12?
11
Let z(k) = -k**2 + 51. Suppose -5*a + 20 = 4*b, -4*a - 3 + 19 = 0. Calculate the remainder when z(b) is divided by 26.
25
Let t = -171 - -261. Calculate the remainder when t is divided by ((-621)/135)/((-3)/15).
21
Let u(g) = g**2 + 2*g + 4. Suppose 0*a - 6*a = -252. Let i = 76 - a. Calculate the remainder when i is divided by u(-4).
10
Suppose 4*t + 1 - 5 = 0, 4*d - 13 = -t. Suppose r - d*r + 2*b = -24, -6 = -2*b. Calculate the remainder when (-817)/(-19)*(0 - -1) is divided by r.
13
Let f = 403 + -251. Calculate the remainder when f is divided by 17.
16
Let m = -1721 - -1723. What is the remainder when 27 is divided by m?
1
Let t be (24/9)/(6/(-63)). Calculate the remainder when 24 is divided by t/(-8)*10/5.
3
Let d(g) = g + 43. What is the remainder when 142 is divided by d(-14)?
26
Let o(l) be the third derivative of 3*l**6/40 + l**5/60 - l**4/12 + l**3/6 + 8*l**2. Calculate the remainder when 31 is divided by o(1).
4
Suppose 0 = -17*n - 2*n + 2641. Calculate the remainder when n is divided by 28.
27
Suppose 286*n - 282*n - 1404 = 0. What is the remainder when n is divided by 120?
111
Let o(k) = k**3 - 4*k - 21. Calculate the remainder when o(4) is divided by 1.
0
Suppose -5*r - 2*z = -79, 2*z - 16 - 18 = -2*r. Suppose 6*g + r = -3. What is the remainder when 22 is divided by (-5 - g)*1 + 8?
4
Suppose b - 6*b + 40 = 5*f, b = f + 12. Calculate the remainder when 15 is divided by b.
5
Let t = -189 + 309. Calculate the remainder when t is divided by 66.
54
Suppose -78*j + 74*j + 4*o = -424, 389 = 4*j + 3*o. Calculate the remainder when j is divided by 34.
33
Suppose 0 = 4*q + 5*q - 135. Calculate the remainder when 41 is divided by q.
11
Suppose -4*o - 1428 = -21*o. Calculate the remainder when o is divided by 30.
24
Let t(y) = 12*y - 9. Let z be ((-3)/3)/(4/(-12)). What is the remainder when t(z) is divided by 7?
6
What is the remainder when 2709/567 + (-4)/(-18) is divided by 4?
1
Let x = -1236 - -1365. What is the remainder when x is divided by 81?
48
Let f be 0*(-1)/(-2) + -3. What is the remainder when (-1)/(-1) + (0 - -2) is divided by 3/9 - 2/f?
0
Let u = -48 - -59. Calculate the remainder when (-1)/(-2) - (-624)/32 is divided by u.
9
Suppose -4*f + 5*c + 156 = -1083, 3*c = -2*f + 625. What is the remainder when f is divided by 84?
59
Let w(z) = z**3 - 8*z**2 + 3. Let q = -12 + 20. Let t be w(q). Suppose -o - 33 = -2*n, -t*o + 4*o = -1. What is the remainder when n is divided by 9?
7
Let w(h) = -37*h - 283. Calculate the remainder when 125 is divided by w(-8).
8
Let y be 3 - 0 - 6 - (-16)/2. Suppose -4*a + 3*p + 102 = 0, 3*a - y*p = -0*a + 71. What is the remainder when a is divided by 15?
12
Let u(w) = 3*w + 1. Let y be u(2). Suppose 10 = s - y. Calculate the remainder when s is divided by 42/2 + -153 + 139.
3
Suppose 171 - 191 = -2*q. Suppose 0 = 2*y + 3*w - 119, -5*y - 4*w - w + 295 = 0. Suppose -5*a + y = -3*a. What is the remainder when a is divided by q?
9
Let s = 90 + -28. Let u(l) be the third derivative of -l**6/120 + l**5/10 + l**4/8 + l**3/2 - 2*l**2. Calculate the remainder when s is divided by u(6).
20
Suppose -9*m = -3*m - 588. Let v be m + 0 + (-8)/(-4). Suppose -7*c + 2*c + v = 0. Calculate the remainder when 78 is divided by c.
18
Let g(x) = x**3 + 9*x**2 - 7*x - 6. Suppose 0 = k + 4*k + 40. Let z be g(k). Suppose 4*j = 34 + z. Calculate the remainder when j is divided by 10.
7
Let f = 128 - 136. Let r(s) = -s**3 - 3*s**2 + 23*s - 7. Calculate the remainder when r(f) is divided by 44.
41
Let d = -714 - -1199. Let g be (-32)/112 - d/(-7). Suppose c - f - 54 = -0*c, 0 = c + 4*f - g. What is the remainder when c is divided by 15?
12
Suppose -q + 40 = q + 4*y, -3*q + 52 = 4*y. What is the remainder when (-8)/(-12)*(-153)/(0 - 3) is divided by q?
10
Suppose 102 = 10*r - 48. Let w(x) = x + 3. Let l be w(0). Suppose l*u = -u + 176. What is the remainder when u is divided by r?
14
Let w be -2 + 0 - (-1 + -3). Suppose 5*q = -5*n + 145, -w*n + 9 = 3. What is the remainder when 74 is divided by (1 - (-2 - -4)) + q?
24
Suppose 33 = 10*r - 127. What is the remainder when 28 is divided by r?
12
What is the remainder when (15/(-10))/((-12)/544 - 0) is divided by 4?
0
Suppose 118*t - 121*t + 2601 = 0. Calculate the remainder when t is divided by 79.
77
Let x(w) = 528*w**2 + 6*w + 2. What is the remainder when x(-1) is divided by 24?
20
Suppose 4*c + 113 - 413 = 0. What is the remainder when c is divided by 38?
37
Suppose -10*v + 387 + 3113 = 0. Calculate the remainder when v is divided by 88.
86
Suppose 0 = -5*x - 0*d - d + 218, -3*d = 3*x - 138. Suppose 0*z = 6*z - 1008. What is the remainder when z is divided by x?
39
Let b(q) = -q**3 + 3*q**2 - 1. Let i be b(2). What is the remainder when ((i - -1) + -3)*43 is divided by 12?
7
Suppose 7*p + 158 = v + 4*p, 3*v = 5*p + 490. What is the remainder when v is divided by 45?
35
Suppose 0 = -z + 5*d - 16, -5*d + 12 = -2*z - 0*d. Suppose -5*l + 219 = -v, -5*l + z*v - 75 = -291. What is the remainder when l is divided by 14?
2
Suppose 0 = -4*i + 3*c + 541, -2*i + 2*c = -c - 263. Suppose 0 = -5*a + 171 + i. Calculate the remainder when a is divided by 16.
14
Let s be (3 + -2)*0/2. Suppose s = 5*a + 4*o - 13, a + 3*a - 17 = -o. What is the remainder when 22 is divided by a?
2
Let z(y) be the first derivative of y**2/2 - 5*y - 8. Let h be z(7). What is the remainder when (-4)/h + 123/3 is divided by 8?
7
Let s be -4*-2*9/24. Let t be (32/4 - s)*1. Suppose w - t*w = -56. Calculate the remainder when w is divided by 5.
4
Suppose -4*v + 5*n = 3*n - 24, 0 = -2*v + 3*n + 20. Let d = 75 + -65. Calculate the remainder when d is divided by v.
2
Suppose 0*m + 188 = 2*m. Suppose 5*f + 3*z = 30 + m, 2*f = -5*z + 42. Calculate the remainder when 76 is divided by f.
24
Calculate the remainder when (3 - (-76)/(-8))*-26 is divided by 5.
4
Let i = -668 + 685. What is the remainder when 593 is divided by i?
15
Calculate the remainder when 54 is divided by -2 + (23/46)/((-1)/(-72)).
20
Suppose w - 5*s = 2, -w - w + s = -13. Calculate the remaind